ppose 0 = 3*l - 3*j - 519, 514 = 3*l - 7*j + 3*j. List the prime factors of l.
2, 89
Suppose -9*g + 180 = -6*g. Let k = g + -8. List the prime factors of k.
2, 13
Suppose 4*k - 18 = -2. Let p = k + 24. What are the prime factors of p?
2, 7
Let c(j) = 10*j + 8. List the prime factors of c(8).
2, 11
Let j(p) = 4*p**2 + 3*p + 2*p**3 + 2*p**2 - 4 - p**3. Let k = -5 - -1. What are the prime factors of j(k)?
2
Suppose 0 = 4*h - 3*h - 93. Suppose -4*w + y = h, y = -4*w - 38 - 53. Let i = w + 34. What are the prime factors of i?
11
Let h(o) = -2*o**3 - 2*o**2. Let q be h(-2). Let y = -4 + q. Let d(v) = 2*v - 6. List the prime factors of d(y).
2
Suppose -4 - 5 = 5*q - 2*o, -3*o = 5*q - 1. Let g(m) = -4*m - 1. List the prime factors of g(q).
3
Suppose -8*d = d - 153. List the prime factors of d.
17
Let l = 97 + -58. Suppose -5*p + l + 46 = 0. List the prime factors of p.
17
Let i be (0 - -3)/6*6. Suppose -t = -h - 7, 12 = -h - i*h. List the prime factors of t.
2
Suppose 5*b = -z + 2*z + 319, 2*b - 127 = z. What are the prime factors of b?
2
Let g = -106 + 180. What are the prime factors of g/8 + (-15)/(-20)?
2, 5
Suppose 0 = h - 0*h - 2, 4*g + 60 = 2*h. Let w = 38 + g. List the prime factors of w.
2, 3
Let w(a) = -5*a - 2. Let v be w(-2). Suppose -20 = -c - v. What are the prime factors of c?
2, 3
Suppose 2*j - 4*t = -2*j + 24, -t + 18 = 3*j. What are the prime factors of j?
2, 3
Let p = 59 - 33. Let z = p - 11. What are the prime factors of z?
3, 5
Let v = 21 + -9. Let l be (-4)/v*(1 + -19). What are the prime factors of (6/9)/(l/45)?
5
Suppose 2*f - 49 = 9. Suppose 2*c = 5*x - 70, -2*x - 2*c + f = -3*c. Suppose x = o + o. What are the prime factors of o?
2, 3
Let z = 12 - 10. Suppose -4*j = z*d + 8, 2*j - 2 = 3*j - 5*d. List the prime factors of -1 + 2 - 10*j.
3, 7
List the prime factors of (18/6 - 2)/((-1)/(-37)).
37
Suppose -4*f + 32 = -0*f. Let j = f + -6. Suppose -3*l + 80 = j*l. List the prime factors of l.
2
Let z(t) = -t**3 + 8*t**2 + 12*t + 11. List the prime factors of z(9).
2, 19
Let g(q) = 2*q**2 - q + 3. What are the prime factors of g(3)?
2, 3
Let d(g) = g**2 + 3*g. Let p be d(-4). Suppose 2*z = -b + 21, -b + p*z = 3*z - 15. List the prime factors of b.
17
List the prime factors of (-8 - -7) + (19 - 1).
17
Suppose 7 + 5 = 3*z. Suppose -4*i = -5*v - 9*i + 85, 0 = -5*v + z*i + 40. List the prime factors of v.
2, 3
Let a(m) = m**2 - 17*m - 16. List the prime factors of a(27).
2, 127
Suppose -4*b + 4*h + 348 = 5*h, -12 = -3*h. Suppose n - 182 = -5*s, -4*n + b = 2*s - 8*n. Let v = s + -26. List the prime factors of v.
11
Let y(k) = 7*k + 5. Let d be y(-8). Let o = 89 + d. What are the prime factors of o?
2, 19
Let i(t) = -2*t - 2. Let j(s) = -s - 1. Suppose -4*v - 3*d + 53 = 0, 4*v + 4*d + 0*d = 52. Let g(z) = v*j(z) - 5*i(z). List the prime factors of g(-5).
2
Suppose a = 1 - 0, -3*d + 40 = -5*a. Let z = 5 + d. What are the prime factors of z?
2, 5
Suppose k + 30 = 4*k. What are the prime factors of k?
2, 5
Let l(i) be the second derivative of -i**2 + 2*i + 7/6*i**3 + 0. List the prime factors of l(2).
2, 3
List the prime factors of 5*(228/(-20))/(-3).
19
Let w(s) = -s**3 + 8*s**2 + 15*s - 10. Let o(p) = p**2 - p. Let z(d) = o(d) + w(d). What are the prime factors of z(10)?
2, 3, 5
Let j(u) be the second derivative of u**5/20 + 5*u**4/6 - 5*u**3/6 - 7*u**2 - 3*u. List the prime factors of j(-10).
2, 3
Suppose 2*i - 25 - 17 = 0. What are the prime factors of i?
3, 7
Let r(y) = -y - 4. Suppose 4*f + 21 = f. What are the prime factors of r(f)?
3
Let r(g) = -3*g - 6. What are the prime factors of r(-6)?
2, 3
Suppose 4*y + 8 = 3*c - 0*c, -3*y = 6. Let f(s) = -2*s - 9. Let z be f(-7). Suppose c = 3*k - 0*k + 4*x - 24, k - 8 = -z*x. What are the prime factors of k?
2
Suppose 3*z = 4*z - 19. Suppose 0 = -5*s + 3*g + z + 48, s + 5*g = 19. List the prime factors of s.
2, 7
Suppose 15 = f - 6*f. Let n = -2 - f. List the prime factors of -4*(2 - n - 3).
2
List the prime factors of (5*10)/(22/11).
5
Let m be (84/20)/(3/(-15)). Let u = m - -52. What are the prime factors of u?
31
Suppose -4*y = -5*t - 477, y + t - 43 = 65. What are the prime factors of y?
113
Let g = 11 - 5. What are the prime factors of g?
2, 3
List the prime factors of (-6)/(-4) - (-8)/16.
2
Suppose 2*r = -5*f + 7, -3 = -r - 0*r - 2*f. Let n(w) = 8*w + 1. List the prime factors of n(r).
3
Let m = -93 - -132. List the prime factors of m.
3, 13
Let a(l) = 13. Let i(x) = x - 38. Let q(g) = -g**3 - 3*g**2 - g + 1. Let y be q(-3). Let k(p) = y*i(p) + 11*a(p). What are the prime factors of k(7)?
19
Let n be (0 - -2) + 2/2. Let c = 7 - n. Suppose -27 = -c*a + a. List the prime factors of a.
3
Let j(x) = -x**2. Let h be j(0). Suppose -4*u = -h*u - 20. What are the prime factors of u?
5
Let j(l) = l**3 + 4*l**2 - 7*l - 5. Suppose 2*g = 4*g - 2*f + 20, -g + 10 = 3*f. What are the prime factors of j(g)?
5
Let h(a) = 8*a - 3. What are the prime factors of h(2)?
13
List the prime factors of (-2506)/(-42) + 4/3.
61
Let n be (-7)/(-2) - 3/2. Suppose -n*q + 1 = -7. What are the prime factors of q?
2
Let g be 36/(-8)*(-4)/1. List the prime factors of (42/g)/(1/15).
5, 7
Suppose 0 = 5*f - 2*t - 2*t - 1297, -4*t = 12. What are the prime factors of f?
257
Suppose 2*w - 299 + 83 = 0. What are the prime factors of w?
2, 3
Suppose 35 = 3*t + 4*k - 3, 3*t + 2*k - 28 = 0. Suppose 0 = t*z - 2*z - 20. List the prime factors of z.
5
What are the prime factors of (-524)/(-10) + 42/70?
53
Suppose -4*u + 7 = 4*v - 1, 2*u = 3*v - 11. Suppose 2*r - 4 = -2*r. Let h = v + r. What are the prime factors of h?
2
Suppose -4*y = 4*m - 396, 4*y = m - y - 69. What are the prime factors of m?
2, 47
Let d(z) = -z - 4. Let t be d(9). Let m = 21 + t. List the prime factors of m.
2
What are the prime factors of ((-856)/(-20))/(2/5)?
107
Suppose 0 = 4*l + 3*q + 2*q - 271, -2*q = -3*l + 186. Suppose 0 = -2*j + 6, -5*j - l = -4*c + 41. What are the prime factors of c?
2, 3, 5
Suppose 4*h = -2*j - 40, 2*h + 66 = -5*j - 2. Let c = 20 + j. What are the prime factors of c?
2
Let r(j) be the second derivative of j**5/20 + 17*j**2 + 4*j. What are the prime factors of r(0)?
2, 17
Let d(h) = h**3 - 2*h**2 - 2*h - 2. Let a be d(3). Let j = 5 - a. What are the prime factors of 68/7 + j/14?
2, 5
Let i(c) = c**3 + 5*c**2 - 7*c - 6. Let v be i(-6). Suppose -3*u + v*u + 9 = 0. Suppose -4*t + u*t + 43 = 3*m, 4 = 4*t. List the prime factors of m.
2, 7
Let r = -3 - -3. Suppose r = 2*j + j + 12. Let s = j + 6. What are the prime factors of s?
2
Let i be (-2)/7 + (-132)/(-21). Suppose i*p = 5*p + 2. Suppose -t - p*t = -12. What are the prime factors of t?
2
Let o(n) = 12*n**2 + 2*n - 2. List the prime factors of o(3).
2, 7
Suppose 4*u - 56 = -4*n, -2*u = 5*n + 2 - 21. What are the prime factors of u?
17
Let j = -7 + 10. Suppose -l = -5*l + m + 13, j*m = 4*l - 15. Suppose 0 = -3*v + 9, -5*v = t - l*t + 13. What are the prime factors of t?
2, 7
Suppose 3*i - 5 = -2*i. Let o be -2 - i/(-2)*10. Suppose 2*f - 1 = o. List the prime factors of f.
2
Let i(a) = -16*a**3 - 6*a**2 - 2*a. List the prime factors of i(-2).
2, 3
Let d(s) = 3*s**2 - 24*s + 51. What are the prime factors of d(15)?
2, 3, 61
Let u(z) = z + 2. Let m be u(-7). Let x = m + 24. What are the prime factors of x?
19
Suppose 22*k - 8709 = -1097. List the prime factors of k.
2, 173
What are the prime factors of 303 + 0/(9/(27/(-6)))?
3, 101
Let y(f) = f**2 - 14*f + 14. Suppose -2*z = -31 + 3. List the prime factors of y(z).
2, 7
Suppose g + 0*g = -6. Let f(d) = -9*d + d**2 - 5*d**2 - 9 + 3*d**2. List the prime factors of f(g).
3
Suppose 0 = 3*h - 3*r + 6, 2*h = 3*h + r. Let m be (-12)/2 - -1 - h. What are the prime factors of 4*1 + (-6 - m)?
2
Suppose 3*w + 3*l + 49 = 4, -w = 4*l. Let g = 41 + w. List the prime factors of g.
3, 7
Let g = 80 + 56. Let r be 2/(-7) - (-32)/14. What are the prime factors of r/5 + g/10?
2, 7
What are the prime factors of -1*(1 - 4) + 20?
23
Let u be 1273/38*(3 - 1). Suppose 0 = -5*t + 133 + u. What are the prime factors of t?
2, 5
Suppose -4*k = -8, -2*l + 88 = 4*k - 10. List the prime factors of l.
3, 5
Suppose 3*x - 205 = 170. List the prime factors of x.
5
Suppose -5 = -d + 1. Let t be d*(-3)/6 + 19. Suppose -4*h = -3*h - t. What are the prime factors of h?
2
Wha